 highest common factor of 6 and n?
6
Suppose 10 = -19*v + 219. What is the highest common factor of v and 913?
11
Let q = -33 - -37. Let d = -1 - -1. Suppose d*v = 3*t + v - 14, 2*t = 4*v. Calculate the highest common factor of t and q.
4
Suppose 0 = -6*l + 12*l - 108. Suppose 2*c + 2*c - 140 = 0. Let z = c - -37. Calculate the greatest common factor of l and z.
18
Suppose 756 = 4*f - 4*l, 0*l = -f + 2*l + 191. Let x be 2/(-18) + (-614)/(-18). Suppose 0 = 2*j - 0 - x. What is the highest common factor of j and f?
17
Suppose 22*y = 4*d + 23*y - 155, d - 41 = 2*y. What is the greatest common factor of 663 and d?
39
Let h(z) = 3*z**2 - 23. Let c be h(-4). Let b(x) = -2*x**3 - 5*x**2 - 4*x - 2. Let g be b(-3). Let r = c - g. Calculate the highest common factor of r and 18.
6
Let u be 4 + (2 - 3) - 2. Let g be -2 + u - (-99 + 0). Calculate the greatest common factor of 14 and g.
14
Let r be 4/6*(2 - -1). Let k = -1368 + 1370. What is the highest common factor of r and k?
2
Let u = -11 - -13. Suppose x = -4*p + 57, -p + x = u*p - 41. Calculate the greatest common divisor of p and 35.
7
Suppose -f = -3*p + 4*p, 5*p + 3 = -4*f. What is the highest common divisor of f and 141?
3
Suppose 3*w = -15, -3*w + 139 = a - 0*w. Calculate the greatest common factor of a and 14.
14
Let b(v) = 97*v**3 - 2*v**2 + v + 2. Let p be b(1). Calculate the greatest common factor of 1078 and p.
98
Let c(m) = 7*m**3 - 11*m**2 + m - 2. Let h be c(2). What is the greatest common factor of 2148 and h?
12
Let s be 2/((2/7)/(4 + -2)). Calculate the highest common divisor of 1106 and s.
14
Let a(t) = -19*t - 8. Let w(n) = -39*n - 15. Let y(g) = 9*a(g) - 5*w(g). Let h be y(2). Suppose 4*z = z + h. What is the greatest common factor of 68 and z?
17
Suppose -3*c = 3*n - 330, c + 3*n + 215 = 3*c. Let q = c - 98. What is the highest common divisor of q and 22?
11
Suppose -50 = -3*w - 5. Let t = -78 - -82. Suppose h + 360 = t*h. Calculate the greatest common factor of h and w.
15
Let d be (-12)/(-1*(-1)/(-3)). Let n = -545 - -563. Calculate the greatest common divisor of n and d.
18
Let p = 10 - 7. Let c be 24/(10 - (0 - -9)). What is the greatest common divisor of p and c?
3
Let s be 20/(-8)*(-4)/1. Suppose m = -4*v + 92, 3*m + 0*v = -5*v + 255. What is the greatest common divisor of s and m?
10
Suppose 0*l - 24 = 2*t - l, 0 = 4*l + 16. Suppose -2*q - 4 = 2*q. Let d be q/8*t*36. Calculate the highest common factor of d and 7.
7
Let h(g) be the first derivative of -g**3/3 - 2*g**2 + 1. Let a be h(-4). Suppose 3*c - 6*c + 9 = a. What is the highest common divisor of 1 and c?
1
Let s(k) = -k**2 - 11*k - 6. Let o be s(-8). Suppose 0 = 4*h - 2*h + 4*f - o, 0 = 4*f. Calculate the greatest common divisor of h and 18.
9
Suppose 12*p + 33 = 201. Suppose -5*l = -3*o - 18 + 2, 2*o = l - 13. Let q be o/2*(-10 + -2). Calculate the greatest common factor of q and p.
14
Let i(q) = -q + 185. Let t be i(-35). Calculate the highest common divisor of t and 44.
44
Suppose 5*p + 2*b - 24 = 0, 3*p + 0 = 5*b + 2. Suppose 44 = -p*i + 5*i - 4*d, 5*d = -i + 80. Calculate the greatest common divisor of 15 and i.
15
Let m(c) = -11*c - 3. Let v be m(-3). Let g = 8 - 15. Let l(d) = d**3 + 7*d**2 - 2*d - 2. Let k be l(g). What is the greatest common factor of k and v?
6
Let r(n) = -2*n**2 + 2*n - 10. Let c be r(5). Let b be -1 - (-15)/(148/c - -3). Let m = 52 - 18. Calculate the greatest common factor of b and m.
34
Suppose 0 = -183*i + 164*i + 380. Let h be 0/(-3)*-1 + 10. Let f be (-1)/2 - (-45)/h. Calculate the greatest common divisor of f and i.
4
Let r = -137 + 86. Let m = 78 + r. What is the highest common divisor of 243 and m?
27
Let o be 2/(-6) - (-55)/15*53. Let u = o - 172. Let c = 59 - 4. Calculate the highest common divisor of u and c.
11
Let u be 47/7 + 2/7. What is the highest common factor of u and 119?
7
Suppose 0 = -0*j - j - 30. Let p(b) = b**3 - 6*b**2 + b + 7. Let x be p(5). Let u = x - j. What is the highest common factor of 17 and u?
17
Suppose -2*k - 47 = -3*g + 3*k, -k + 23 = 3*g. Let z = g - -9. Calculate the greatest common divisor of z and 162.
18
Let a(g) = 139*g + 986. Let z be a(-7). Let l(i) = -i + 55. Let v be l(0). Let x = -3 + v. Calculate the highest common divisor of z and x.
13
Let y = -47 + 65. Calculate the greatest common divisor of y and 24.
6
Let s be (-12*1)/(6/(-32)). Suppose -2*i + 56 = 3*p, -p = 2*p + 4*i - s. Let f = 448 + -424. Calculate the highest common factor of p and f.
8
Let a = -31 + 7. Let l = a - -26. Calculate the highest common divisor of l and 2.
2
Suppose 0 = -4*i - 2*n + 14, -3*i + 4*n = -20 + 4. Let d be (-143 + -1)*(-4 + 14/i). What is the greatest common divisor of 9 and d?
9
Suppose -c - 2*x - 3*x + 11 = 0, 3*c - 128 = 4*x. Let g be (-7 + 5 + 20)/(1 - 0). What is the highest common divisor of g and c?
18
Suppose 4*x = 2*v + 100 + 156, -x + 70 = v. Let b = 34 - 3. Suppose -b*a + 6 = -30*a. What is the highest common divisor of a and x?
6
Let f be 125/20*20*(-9)/(-5). What is the highest common factor of f and 9?
9
Suppose -2*g + s = -90, -99 = -5*g + 2*s + 124. Suppose g = u - 5*i - 77, 2*u = i + 204. Calculate the greatest common factor of u and 20.
20
Let t = 55 + 106. Suppose 14 = q - 0*l + 2*l, -5*l = 2*q - 25. Suppose o - q - 3 = 0. Calculate the greatest common factor of o and t.
23
Suppose 0 = 49*d - 42*d - 294. Calculate the greatest common factor of 14 and d.
14
Suppose 5739 + 9367 = 26*p. Calculate the highest common divisor of p and 7.
7
Suppose 17*d = 12*d + s + 732, 3*d + 2*s - 447 = 0. Calculate the greatest common factor of d and 21.
21
Let x = -244 - -252. Calculate the highest common factor of x and 268.
4
Let y be -8 - (-28)/(-8)*-8. Calculate the greatest common factor of 830 and y.
10
Suppose -6*d + 9*d + 18 = 0. Let q be (-15)/d - (-1)/2. Suppose -q*y - 5*j + 2 + 3 = 0, 2*y = -j + 15. What is the greatest common divisor of y and 30?
10
Let w(q) = -2*q**2 - 17*q - 5. Let s be w(-7). What is the greatest common factor of s and 16?
16
Suppose 3*v = 5*f - 7, -2*v - 4*f + 5*f = -7. Suppose -p = -v*p. Let n = 9 - p. What is the greatest common factor of 18 and n?
9
Let h(z) = -16*z - 95. Let n be h(-16). Calculate the highest common factor of n and 46.
23
Suppose 4*o = -q + 15 + 12, 3*o + 4*q - 17 = 0. Let y = -17 - -35. Let m = y - o. Calculate the greatest common divisor of 11 and m.
11
Let g(f) = -212*f**3 + 2*f**2 + 5*f + 4. Let c be g(-1). Calculate the greatest common divisor of c and 6.
3
Suppose -4*c = 3*u + 5 - 56, 3 = c + 4*u. What is the greatest common divisor of c and 105?
15
Let t = 117 - 118. Let l be t + 2 + 6 - (0 - 0). Calculate the highest common divisor of 63 and l.
7
Let c = 0 + 18. What is the highest common factor of c and 81?
9
Suppose 2*y = 4, -4*k = 3*y - 14 + 4. What is the greatest common factor of 29 and k?
1
Let k(a) = a**3 + 9*a**2 + 4*a + 21. Let u be k(-6). What is the highest common factor of 910 and u?
35
Let o(a) = 353*a**2 - 3*a + 2. Let n be o(2). What is the greatest common factor of 44 and n?
44
Let o be -2 - -18 - (25 - 21). Let k = -1 + -6. Let m be (-3)/(-6) + k/(-2). What is the greatest common factor of m and o?
4
Let v(n) = 0*n**2 + n**3 - 8*n + 2 - 14 + 8*n**2 + 2. Suppose 16 = -5*z - 4*y - 8, -y = -4. Let d be v(z). What is the highest common divisor of d and 18?
18
Let u(c) = 3*c**2 - 9*c + 14. Let j be u(5). What is the highest common divisor of j and 11?
11
Let k = -89 + 188. Calculate the highest common factor of 72 and k.
9
Suppose -3*z + 3*f + 21 = 0, -3 = -z + 4*f + 19. Let p be (z/(-2))/((-13)/182). Let j be (-1 - (-2 - -15))*-4. Calculate the highest common factor of j and p.
14
Suppose 2*g = 48 + 20. Suppose 222 = -4*s - g. Let m = -44 - s. Calculate the highest common factor of m and 30.
10
Let s be (1 + (-105)/(-9))*6. Suppose 26 + s = -v. Let g = 174 + v. What is the greatest common factor of g and 48?
24
Let v be (8 - (-12)/(-1)) + 10 + 295. Calculate the greatest common factor of v and 28.
7
Let j be 10/(-30) - 1083/(-9). Calculate the highest common divisor of 1740 and j.
60
Let c be -20*-3*(-4)/(-8). Suppose 3*n - 2*l + 6*l = c, 4*n - 18 = 2*l. What is the highest common divisor of n and 10?
2
Let g = -18 - -18. Suppose g = -4*n - 7 - 13. Let o(d) = -24*d + 15. Let f b